{"id":201,"date":"2024-02-17T22:18:28","date_gmt":"2024-02-17T21:18:28","guid":{"rendered":"https:\/\/spurus.ch\/?page_id=201"},"modified":"2024-02-18T23:30:54","modified_gmt":"2024-02-18T22:30:54","slug":"datenschutzerklaerung","status":"publish","type":"page","link":"https:\/\/spurus.ch\/?page_id=201","title":{"rendered":"Datenschutzerkl\u00e4rung"},"content":{"rendered":"\n<div class=\"wp-block-group alignfull has-global-padding is-layout-constrained wp-container-core-group-is-layout-14 wp-block-group-is-layout-constrained\" style=\"margin-top:0;margin-bottom:0;padding-top:var(--wp--preset--spacing--50);padding-right:var(--wp--preset--spacing--50);padding-bottom:var(--wp--preset--spacing--50);padding-left:var(--wp--preset--spacing--50)\">\n<div class=\"wp-block-group alignwide is-layout-flow wp-container-core-group-is-layout-13 wp-block-group-is-layout-flow\">\n<h2 class=\"wp-block-heading has-text-align-center is-style-default\">Datenschutzerkl\u00e4rung<\/h2>\n\n\n\n<div style=\"height:var(--wp--preset--spacing--40)\" aria-hidden=\"true\" class=\"wp-block-spacer\"><\/div>\n\n\n\n<div class=\"wp-block-group is-vertical is-content-justification-left is-layout-flex wp-container-core-group-is-layout-12 wp-block-group-is-layout-flex\" style=\"margin-top:0;margin-bottom:0\">\n<div class=\"wp-block-group is-vertical is-content-justification-left is-layout-flex wp-container-core-group-is-layout-1 wp-block-group-is-layout-flex\">\n<p>Wir nehmen den Schutz Ihrer pers\u00f6nlichen Daten sehr ernst und behandeln Ihre personenbezogenen Daten vertraulich.<\/p>\n\n\n\n<p>Die Datenschutzerkl\u00e4rung gilt f\u00fcr alle Webseiten der spurus GmbH (nachfolgend \u201espurus\u201c genannt). F\u00fcr spurus-fremde Internetseiten, zu welchen von den spurus-Webseiten ein Link besteht, k\u00f6nnen wir die Einhaltung der Datenschutzbestimmungen nicht garantieren. <\/p>\n<\/div>\n\n\n\n<div id=\"verantwortlicher\" class=\"wp-block-group is-vertical is-content-justification-left is-layout-flex wp-container-core-group-is-layout-2 wp-block-group-is-layout-flex\" style=\"margin-top:0;margin-bottom:0\">\n<h3 class=\"wp-block-heading\">Verantwortliche Stelle bei spurus<\/h3>\n\n\n\n<p class=\"has-text-align-left\">spurus Gmbh<br>Roland Spycher<br>B\u00fcelhofstrasse 1<br>9244 Niederuzwil<\/p>\n\n\n\n<ul class=\"wp-block-social-links has-visible-labels is-style-default is-layout-flex wp-block-social-links-is-layout-flex\"><li class=\"wp-social-link wp-social-link-mail  wp-block-social-link\"><a href=\"mailto:roland.spycher@spurus.ch\" class=\"wp-block-social-link-anchor\"><svg width=\"24\" height=\"24\" viewBox=\"0 0 24 24\" version=\"1.1\" xmlns=\"http:\/\/www.w3.org\/2000\/svg\" aria-hidden=\"true\" focusable=\"false\"><path d=\"M19,5H5c-1.1,0-2,.9-2,2v10c0,1.1.9,2,2,2h14c1.1,0,2-.9,2-2V7c0-1.1-.9-2-2-2zm.5,12c0,.3-.2.5-.5.5H5c-.3,0-.5-.2-.5-.5V9.8l7.5,5.6,7.5-5.6V17zm0-9.1L12,13.6,4.5,7.9V7c0-.3.2-.5.5-.5h14c.3,0,.5.2.5.5v.9z\"><\/path><\/svg><span class=\"wp-block-social-link-label\">roland.spycher@spurus.ch<\/span><\/a><\/li><\/ul>\n<\/div>\n\n\n\n<div class=\"wp-block-group is-vertical is-content-justification-left is-layout-flex wp-container-core-group-is-layout-3 wp-block-group-is-layout-flex\">\n<h3 class=\"wp-block-heading\">Personenbezogene Daten<\/h3>\n\n\n\n<p>Personenbezogene Daten sind Informationen, mit deren Hilfe eine Person bestimmbar ist, also Angaben, die zu einer Person zur\u00fcck verfolgt werden k\u00f6nnen. Dazu geh\u00f6ren der Name, die E-Mail-Adresse oder die Telefonnummer. Aber auch Daten \u00fcber Vorlieben, Hobbies, Mitgliedschaften oder welche Webseiten von jemandem angesehen wurden z\u00e4hlen zu personenbezogenen Daten.<\/p>\n\n\n\n<p>Zu den Personendaten z\u00e4hlen auch Informationen \u00fcber Ihre Nutzung unserer Website. In diesem Zusammenhang erheben wir Personendaten wie folgt von Ihnen: Informationen \u00fcber Ihre Besuche unserer Website wie bspw. Umfang des Datentransfers, den Ort, von dem aus Sie Daten von unserer Website abrufen sowie andere Verbindungsdaten und Quellen, die Sie abrufen. Dies geschieht in der Regel durch die Verwendung von Logfiles und Cookies. N\u00e4here Informationen zu Logfiles und Cookies erhalten Sie weiter unten.<\/p>\n\n\n\n<p>Nicht einbezogen sind hingegen Daten, die auf eine Unternehmung oder Organisation weisen.<\/p>\n<\/div>\n\n\n\n<div class=\"wp-block-group is-vertical is-content-justification-left is-layout-flex wp-container-core-group-is-layout-4 wp-block-group-is-layout-flex\">\n<h3 class=\"wp-block-heading\">Verwendungszweck<\/h3>\n\n\n\n<p>Wir beachten den Grundsatz der zweckgebundenen Datenverwendung und erheben, verarbeiten und speichern Ihre personenbezogenen Daten nur im Rahmen des Kundenkontakts und der Auftragserf\u00fcllung, der Bereitstellung unseres Angebots und unserer Dienste online sowie der Verbesserung dieser. Ebenso werden Daten im Rahmen unseres Marketings verwendet.. Eine Weitergabe Ihrer pers\u00f6nlichen Daten an Dritte erfolgt ohne Ihre ausdr\u00fcckliche Einwilligung nicht, sofern dies nicht zur Erbringung der Dienstleistung oder zur Vertragsdurchf\u00fchrung notwendig ist. Auch die \u00dcbermittlung an auskunftsberechtigte staatliche Institution und Beh\u00f6rden erfolgt nur im Rahmen der gesetzlichen Auskunftspflichten oder wenn wir durch eine gerichtliche Entscheidung zur Auskunft verpflichtet werden.<\/p>\n<\/div>\n\n\n\n<div class=\"wp-block-group is-vertical is-content-justification-left is-layout-flex wp-container-core-group-is-layout-5 wp-block-group-is-layout-flex\">\n<h3 class=\"wp-block-heading\">Kontaktaufnahme mit spurus<\/h3>\n\n\n\n<p>Unsere Webseite bietet Ihnen verschiedene M\u00f6glichkeiten mit uns Kontakt aufzunehmen, wie bspw. E-Mail oder LinkedIn.<\/p>\n\n\n\n<p>Ihre gemachten Angaben werden bei uns gespeichert und daf\u00fcr verwendet Ihr Anliegen zu bearbeiten sowie f\u00fcr die weitere Kundenbeziehung verarbeitet. Die Daten werden dar\u00fcber hinaus f\u00fcr interne Zwecke (z.B. Auswertung, Nachverfolgung und Dokumentation) und einer eventuellen weiteren Kontaktaufnahme (zur weiteren Kundenbetreuung, Nachfassen, Bewertung einholen etc.) gespeichert. F\u00fcr interne Zwecke werden daher diese Daten auch nach einer Beendigung der Zusammenarbeit bis auf expliziten Widerruf gespeichert.<\/p>\n\n\n\n<p>Bitte geben Sie keine Informationen weiter, von denen Sie nicht m\u00f6chten, dass wir sie erhalten. Senden Sie uns daher auch sensible Daten, wie z.B. Kreditkarteninformationen nicht per Email , sondern telefonisch.<\/p>\n<\/div>\n\n\n\n<div class=\"wp-block-group is-vertical is-content-justification-left is-layout-flex wp-container-core-group-is-layout-6 wp-block-group-is-layout-flex\">\n<h3 class=\"wp-block-heading\">Datenverarbeitung durch Dritte<\/h3>\n\n\n\n<p>Im Rahmen unseres Onlineangebots setzen wir verschiedene Dritt-Anbieter ein, um Inhalts- oder Serviceangebote auf der Webseite bereitzustellen, wie Videos, Schriftarten usw. Diese Drittdienstleister verarbeiten beispielsweise Ihre IP-Adresse, um die Inhalte auf unserer Webseite korrekt darstellen zu k\u00f6nnen.<\/p>\n\n\n\n<p>Dabei kann es auch passieren, dass diese Dritt-Anbieter in L\u00e4ndern ausserhalb der Schweiz oder gar ausserhalb der EU liegen. Dabei achten wir aber darauf, dass die Vorgaben des Datenschutzes erf\u00fcllt werden.<\/p>\n\n\n\n<p>Unter Umst\u00e4nden setzen diese Dritt-Anbieter ausserdem Cookies oder Pixel-Tags, mit denen Sie Informationen wie das Userverhalten und andere Informationen verarbeiten und ggf. auch mit Informationen aus anderen Quellen verkn\u00fcpfen. Wir haben jedoch keinen Einfluss darauf, falls die Dritt-Anbieter die IP-Adresse z.B. f\u00fcr statistische Zwecke speichern.<\/p>\n\n\n\n<p>Ausnahmsweise k\u00f6nnen Daten an Dritte weitergegeben werden, sofern dies zur Verfolgung unserer Anspr\u00fcche n\u00f6tig ist oder eine gesetzliche Verpflichtung besteht.<\/p>\n<\/div>\n\n\n\n<div class=\"wp-block-group is-vertical is-content-justification-left is-layout-flex wp-container-core-group-is-layout-7 wp-block-group-is-layout-flex\">\n<h3 class=\"wp-block-heading\">Auskunfts- und Widerrufsrecht<\/h3>\n\n\n\n<p>Sie haben das Recht, jederzeit Auskunft \u00fcber Ihre von uns gespeicherten personenbezogenen Daten zu verlangen. Sie haben auch das Recht jederzeit die Berichtigung unrichtiger Daten und die L\u00f6schung Ihrer personenbezogenen Daten zu verlangen, soweit dem keine gesetzliche Aufbewahrungspflicht, der uns die Verarbeitung der Daten gestattet, entgegensteht. Auch k\u00f6nnen Sie jederzeit die uns erteilte Einwilligung zur Datenerhebung und Verwendung ohne Angaben von Gr\u00fcnden widerrufen. F\u00fcr die vorgenannten Zwecke k\u00f6nnen Sie uns \u00fcber die E-Mail-Adresse des <a href=\"#verantwortlicher\">Verantwortlichen<\/a> kontaktieren. F\u00fcr die Bearbeitung Ihrer Gesuche k\u00f6nnen wir, nach eigenem Ermessen, einen Identit\u00e4tsnachweis verlangen. Wir stehen Ihnen gern f\u00fcr weitergehende Fragen zu unserem Hinweisen zum Datenschutz und zur Verarbeitung Ihrer pers\u00f6nlichen Daten zur Verf\u00fcgung. Beachten Sie, dass sich Datenschutzbestimmungen und Handhabungen zum Datenschutz, z. B. bei Google, laufend \u00e4ndern k\u00f6nnen. Es ist daher ratsam und erforderlich, sich \u00fcber Ver\u00e4nderungen der gesetzlichen Bestimmungen und der Praxis von Unternehmen, z. B. Google, laufend zu informieren.<\/p>\n<\/div>\n\n\n\n<div class=\"wp-block-group is-vertical is-content-justification-left is-layout-flex wp-container-core-group-is-layout-8 wp-block-group-is-layout-flex\">\n<h3 class=\"wp-block-heading\">Cookies<\/h3>\n\n\n\n<p>Auf dieser Webseite k\u00f6nnen Cookies gesetzt werden. Cookies sind kleine Textdateien, die beim Besuch dieser Website in Ihrem Computer dauerhaft oder tempor\u00e4r gespeichert werden. Zweck der Cookies ist insbesondere die Analyse der Nutzung dieser Website zur statistischen Auswertung sowie f\u00fcr kontinuierliche Verbesserungen. Aber auch die Optimierung des Nutzererlebnisses geh\u00f6rt dazu (bspw. die Speicherung des Warenkorbs im Shop).<\/p>\n\n\n\n<p>In Ihrem Browser k\u00f6nnen Sie Cookies in den Einstellungen jederzeit ganz oder teilweise deaktivieren. Bei deaktivierten Cookies stehen Ihnen allenfalls nicht mehr alle Funktionen dieser Website zur Verf\u00fcgung.<\/p>\n<\/div>\n\n\n\n<div class=\"wp-block-group is-vertical is-content-justification-left is-layout-flex wp-container-core-group-is-layout-9 wp-block-group-is-layout-flex\">\n<h3 class=\"wp-block-heading\">Zugriffsdaten und Server-Logfiles<\/h3>\n\n\n\n<p>Der Provider der Seiten erhebt und speichert automatisch Informationen in so genannten Server-Log Files, die Ihr Browser automatisch \u00fcbermittelt. Zu den Zugriffsdaten geh\u00f6ren:<\/p>\n\n\n\n<ul class=\"wp-block-list\">\n<li>Name der abgerufenen Webseite<\/li>\n\n\n\n<li>Datum und Uhrzeit des Abrufs<\/li>\n\n\n\n<li>\u00fcbertragene Datenmenge<\/li>\n\n\n\n<li>Meldung \u00fcber erfolgreichen Abruf<\/li>\n\n\n\n<li>Produkt- und Versionsinformationen \u00fcber den verwendeten Browser<\/li>\n\n\n\n<li>Produkt- und Versionsinformationen \u00fcber das verwendete Betriebssystem<\/li>\n\n\n\n<li>Referrer URL (die auf unsere Webseite verweisende URL, z.B. in der Google Suche)<\/li>\n\n\n\n<li>IP-Adresse und der anfragende Provider.<\/li>\n<\/ul>\n\n\n\n<p>Der Anbieter verwendet die Protokolldaten nur f\u00fcr statistische Auswertungen zum Zweck des Betriebs, der Sicherheit und der Optimierung des Angebotes. Der Anbieter beh\u00e4lt sich jedoch vor, die Protokolldaten nachtr\u00e4glich zu \u00fcberpr\u00fcfen, wenn auf Grund konkreter Anhaltspunkte der berechtigte Verdacht einer rechtswidrigen Nutzung besteht.<\/p>\n<\/div>\n\n\n\n<div class=\"wp-block-group is-vertical is-content-justification-left is-layout-flex wp-container-core-group-is-layout-10 wp-block-group-is-layout-flex\">\n<h3 class=\"wp-block-heading\">Google Analytics<\/h3>\n\n\n\n<p>Diese Website kann Funktionen des Webanalysedienstes Google Analytics nutzen. Anbieter ist die Google Inc. 1600 Amphitheatre Parkway Mountain View, CA 94043, USA. Google Analytics verwendet Cookies. Die durch das Cookie erzeugten Informationen \u00fcber Ihre Benutzung dieser Website werden in der Regel an einen Server von Google in den USA \u00fcbertragen und dort gespeichert. Im Auftrag des Betreibers dieser Website wird Google diese Informationen benutzen, um Ihre Nutzung der Website auszuwerten, um Reports \u00fcber die Websiteaktivit\u00e4ten zusammenzustellen und um weitere mit der Websitenutzung und der Internetnutzung verbundene Dienstleistungen gegen\u00fcber dem Websitebetreiber zu erbringen. Die im Rahmen von Google Analytics von Ihrem Browser \u00fcbermittelte IP-Adresse wird nicht mit anderen Daten von Google zusammengef\u00fchrt.<\/p>\n\n\n\n<p>Sie k\u00f6nnen die Speicherung der Cookies durch eine entsprechende Einstellung Ihrer Browser-Software verhindern; wir weisen Sie jedoch darauf hin, dass Sie in diesem Fall gegebenenfalls nicht s\u00e4mtliche Funktionen dieser Website vollumf\u00e4nglich werden nutzen k\u00f6nnen. Sie k\u00f6nnen dar\u00fcber hinaus die Erfassung der durch das Cookie erzeugten und auf Ihre Nutzung der Website bezogenen Daten (inkl. Ihrer IP-Adresse) an Google sowie die Verarbeitung dieser Daten durch Google verhindern, indem sie das unter dem folgenden Link verf\u00fcgbare Browser-Plugin herunterladen und installieren:<br><a href=\"https:\/\/tools.google.com\/dlpage\/gaoptout\" target=\"_blank\" rel=\"noreferrer noopener\">https:\/\/tools.google.com\/dlpage\/gaoptout<\/a><\/p>\n<\/div>\n\n\n\n<div class=\"wp-block-group is-vertical is-content-justification-left is-layout-flex wp-container-core-group-is-layout-11 wp-block-group-is-layout-flex\">\n<h3 class=\"wp-block-heading\">Social Media auf unseren Webseiten<\/h3>\n\n\n\n<p>Auf unseren Webseiten finden Sie verschiedene Stellen, an denen Sie mit den Social Media Kan\u00e4len interagieren k\u00f6nnen und bspw. Inhalte teilen k\u00f6nnen.<\/p>\n\n\n\n<p>Wenn Sie die Share Funktionen nutzen und insbesondere wenn Sie mit Ihrem Account des jeweiligen sozialen Kanals eingeloggt sind, werden an den Betreiber des Kanals diverse Informationen gesendet bzw. von diesen abgegriffen und mit Ihrem Nutzerkonto verkn\u00fcpft werden. Die Drittleister k\u00f6nnen ausserdem Cookies setzen.<\/p>\n\n\n\n<p>Bitte beachten Sie hierzu die jeweiligen Datenschutzbestimmungen und \u2013Einstellungen. Bitte ber\u00fccksichtigen Sie, dass die sozialen Netzwerke bspw. Ihr Browseverhalten nachverfolgen k\u00f6nnen, solange Sie eingeloggt sind.<\/p>\n<\/div>\n<\/div>\n<\/div>\n<\/div>\n","protected":false},"excerpt":{"rendered":"<p>Datenschutzerkl\u00e4rung Wir nehmen den Schutz Ihrer pers\u00f6nlichen Daten sehr ernst und behandeln Ihre personenbezogenen Daten vertraulich. Die Datenschutzerkl\u00e4rung gilt f\u00fcr alle Webseiten der spurus GmbH (nachfolgend \u201espurus\u201c genannt). F\u00fcr spurus-fremde Internetseiten, zu welchen von den spurus-Webseiten ein Link besteht, k\u00f6nnen wir die Einhaltung der Datenschutzbestimmungen nicht garantieren. Verantwortliche Stelle bei spurus spurus GmbhRoland SpycherB\u00fcelhofstrasse 19244 [&hellip;]<\/p>\n","protected":false},"author":1,"featured_media":0,"parent":0,"menu_order":0,"comment_status":"closed","ping_status":"closed","template":"wp-custom-template-seite-spurus","meta":{"footnotes":""},"class_list":["post-201","page","type-page","status-publish","hentry"],"_links":{"self":[{"href":"https:\/\/spurus.ch\/index.php?rest_route=\/wp\/v2\/pages\/201","targetHints":{"allow":["GET"]}}],"collection":[{"href":"https:\/\/spurus.ch\/index.php?rest_route=\/wp\/v2\/pages"}],"about":[{"href":"https:\/\/spurus.ch\/index.php?rest_route=\/wp\/v2\/types\/page"}],"author":[{"embeddable":true,"href":"https:\/\/spurus.ch\/index.php?rest_route=\/wp\/v2\/users\/1"}],"replies":[{"embeddable":true,"href":"https:\/\/spurus.ch\/index.php?rest_route=%2Fwp%2Fv2%2Fcomments&post=201"}],"version-history":[{"count":15,"href":"https:\/\/spurus.ch\/index.php?rest_route=\/wp\/v2\/pages\/201\/revisions"}],"predecessor-version":[{"id":237,"href":"https:\/\/spurus.ch\/index.php?rest_route=\/wp\/v2\/pages\/201\/revisions\/237"}],"wp:attachment":[{"href":"https:\/\/spurus.ch\/index.php?rest_route=%2Fwp%2Fv2%2Fmedia&parent=201"}],"curies":[{"name":"wp","href":"https:\/\/api.w.org\/{rel}","templated":true}]}}