{"id":79,"date":"2024-01-17T20:35:01","date_gmt":"2024-01-17T19:35:01","guid":{"rendered":"https:\/\/spurus.ch\/?page_id=79"},"modified":"2024-02-21T21:10:44","modified_gmt":"2024-02-21T20:10:44","slug":"home-2","status":"publish","type":"page","link":"https:\/\/spurus.ch\/","title":{"rendered":"Home"},"content":{"rendered":"\n<main class=\"wp-block-group alignfull is-layout-flow wp-block-group-is-layout-flow\" style=\"margin-top:0;margin-bottom:0;padding-top:0;padding-right:0;padding-bottom:0;padding-left:0\">\n<div class=\"wp-block-group alignfull has-base-background-color has-background is-layout-flow wp-block-group-is-layout-flow\" style=\"margin-top:0;margin-bottom:0;padding-top:var(--wp--preset--spacing--30);padding-right:0;padding-bottom:var(--wp--preset--spacing--30);padding-left:0\">\n<div class=\"wp-block-cover is-light\" style=\"min-height:100vh;aspect-ratio:unset;\"><span aria-hidden=\"true\" class=\"wp-block-cover__background has-background-dim-0 has-background-dim\"><\/span><img loading=\"lazy\" decoding=\"async\" width=\"1024\" height=\"683\" class=\"wp-block-cover__image-background wp-image-137\" alt=\"\" src=\"https:\/\/spurus.ch\/wp-content\/uploads\/2024\/02\/Schneespur_7614-1024x683.jpg\" style=\"object-position:75% 26%\" data-object-fit=\"cover\" data-object-position=\"75% 26%\" srcset=\"https:\/\/spurus.ch\/wp-content\/uploads\/2024\/02\/Schneespur_7614-1024x683.jpg 1024w, https:\/\/spurus.ch\/wp-content\/uploads\/2024\/02\/Schneespur_7614-300x200.jpg 300w, https:\/\/spurus.ch\/wp-content\/uploads\/2024\/02\/Schneespur_7614-768x512.jpg 768w, https:\/\/spurus.ch\/wp-content\/uploads\/2024\/02\/Schneespur_7614-1536x1024.jpg 1536w, https:\/\/spurus.ch\/wp-content\/uploads\/2024\/02\/Schneespur_7614-2048x1365.jpg 2048w\" sizes=\"auto, (max-width: 1024px) 100vw, 1024px\" \/><div class=\"wp-block-cover__inner-container is-layout-flow wp-block-cover-is-layout-flow\">\n<p class=\"has-text-align-center has-large-font-size\"><\/p>\n<\/div><\/div>\n\n\n\n<h2 class=\"wp-block-heading has-text-align-center\">Gemeinsam eine einzigartige Spur legen<\/h2>\n\n\n\n<p class=\"has-text-align-center\">\u00dcber 30 Jahre Erfahrung machen den Unterschied.<\/p>\n<\/div>\n\n\n\n<div class=\"wp-block-group alignfull is-layout-flow wp-block-group-is-layout-flow\" id=\"dienstleistungen\" style=\"margin-top:0;margin-bottom:0;padding-top:var(--wp--preset--spacing--50);padding-right:var(--wp--preset--spacing--50);padding-bottom:var(--wp--preset--spacing--50);padding-left:var(--wp--preset--spacing--50)\">\n<h1 class=\"wp-block-heading has-text-align-center is-style-default has-x-large-font-size\">Dienstleistungen<\/h1>\n\n\n\n<div style=\"margin-top:0;margin-bottom:0;height:var(--wp--preset--spacing--40)\" aria-hidden=\"true\" class=\"wp-block-spacer\"><\/div>\n\n\n\n<div class=\"wp-block-group has-global-padding is-layout-constrained wp-block-group-is-layout-constrained\">\n<div class=\"wp-block-columns alignwide is-layout-flex wp-container-core-columns-is-layout-1 wp-block-columns-is-layout-flex\">\n<div class=\"wp-block-column is-layout-flow wp-container-core-column-is-layout-1 wp-block-column-is-layout-flow\">\n<div class=\"wp-block-group has-global-padding is-layout-constrained wp-block-group-is-layout-constrained\">\n<h2 class=\"wp-block-heading has-text-align-left is-style-default has-body-font-family has-large-font-size\" style=\"font-style:normal;font-weight:600\">Software Engineering<\/h2>\n\n\n\n<p>Sie sind auf der Suche nach einem im agilen Umfeld besonders erfahrenen Requirements Engineer, Product Owner oder Testing Coach? Dann sind Sie bei uns genau richtig.<\/p>\n\n\n\n<div style=\"height:4px\" aria-hidden=\"true\" class=\"wp-block-spacer\"><\/div>\n\n\n\n<div class=\"wp-block-group has-base-2-background-color has-background is-layout-flow wp-block-group-is-layout-flow\">\n<h3 class=\"wp-block-heading has-text-align-left is-style-default has-body-font-family has-medium-font-size\" style=\"font-style:normal;font-weight:600\">Requirements Engineering<\/h3>\n\n\n\n<p class=\"has-text-align-left\">Gemeinsam mit Ihren Spezialisten erarbeiten wir:<\/p>\n\n\n\n<details class=\"wp-block-details is-style-default is-layout-flow wp-block-details-is-layout-flow\" open><summary>Projektvision<\/summary>\n<p>Eine f\u00fcr alle verst\u00e4ndlichen und aussagekr\u00e4ftige Projektvision ist <br>unabdingbar f\u00fcr eine zielgerichtete Projektdurchf\u00fchrung.<\/p>\n<\/details>\n\n\n\n<details class=\"wp-block-details is-layout-flow wp-block-details-is-layout-flow\"><summary>Personas<\/summary>\n<p>Welche Personengruppen und Charaktertypen werden mit der zu erstellenden Software arbeiten?<\/p>\n\n\n\n<p>Das sind die entscheidenden Informationen f\u00fcr die Definition der Anforderungen und sp\u00e4ter f\u00fcr die Gestaltung der Bedienung.<\/p>\n<\/details>\n\n\n\n<details class=\"wp-block-details is-layout-flow wp-block-details-is-layout-flow\"><summary>Stakeholder-Einbindung<\/summary>\n<p>Die passende Einbindung aller beteiligten Parteien &#8211; Kunden, Entwickler und Benutzer &#8211; sichert den Erfolg des Projekts.<\/p>\n<\/details>\n\n\n\n<details class=\"wp-block-details is-layout-flow wp-block-details-is-layout-flow\"><summary>Anforderungsdefinition<\/summary>\n<p>Pr\u00e4zise und verst\u00e4ndliche Anforderungen, bilden die Erfolgsgrundlage des Projekts. Aussergew\u00f6hnliche und unerwartete Pfade, Bedingungen, etc. werden integriert.<\/p>\n\n\n\n<p>Die Anforderungen werden in Scrum vor allem als Akzeptanzkriterien in User Stories definiert und schrittweise im Verlaufe des Projektes verfeinert.<\/p>\n<\/details>\n\n\n\n<details class=\"wp-block-details is-layout-flow wp-block-details-is-layout-flow\"><summary>Integration in die Gesch\u00e4ftsprozesse<\/summary>\n<p>Entscheidend f\u00fcr den Erfolg eines Produktes ist dessen Einbindung in die Gesch\u00e4ftsprozesse:<\/p>\n\n\n\n<p>Wer macht wann was, woher kommen die Eingangsdaten und wohin fliessen die Ausgangsdaten und in welcher Form?<\/p>\n<\/details>\n\n\n\n<details class=\"wp-block-details is-layout-flow wp-block-details-is-layout-flow\"><summary>Risikominimierung<\/summary>\n<p>Potenzielle Risiken werden zu Beginn identifiziert und abgesch\u00e4tzt.<\/p>\n\n\n\n<p>So k\u00f6nnen sie fr\u00fchzeitig minimiert werden. Das verringert deutlich teure Fehler im sp\u00e4teren Projektverlauf.<\/p>\n<\/details>\n\n\n\n<details class=\"wp-block-details is-layout-flow wp-block-details-is-layout-flow\"><summary>Priorisierung und MVP<\/summary>\n<p>Die Entwicklung in Etappen und die innerhalb der Etappen risikogetriebene Priorisierung hilft, den Fortschritt jederzeit beurteilen zu k\u00f6nnen. Die erste Etappe wird bestimmt durch das MVP, Minimum Viable Product. Es definiert die minimalen Features, Merkmale und Funktionen der Software, damit sie von den definierten Personen gewinnbringend genutzt werden kann.<\/p>\n<\/details>\n<\/div>\n\n\n\n<div style=\"height:59px\" aria-hidden=\"true\" class=\"wp-block-spacer\"><\/div>\n\n\n\n<div class=\"wp-block-group has-base-2-background-color has-background is-layout-flow wp-block-group-is-layout-flow\">\n<h3 class=\"wp-block-heading has-text-align-left is-style-default has-body-font-family has-medium-font-size\" style=\"font-style:normal;font-weight:600\">Testing<\/h3>\n\n\n\n<p class=\"has-text-align-left\">Gemeinsam mit Ihren Spezialisten erarbeiten wir:<\/p>\n\n\n\n<details class=\"wp-block-details is-style-default is-layout-flow wp-block-details-is-layout-flow\" open><summary>Teststrategie<\/summary>\n<p>Eine nachvollziehbare, auf der Projektvision basierende und auf die ausgew\u00e4hlte Entwicklungsmethodik zugeschnittene Teststrategie bildet die Basis f\u00fcr alle weiteren Testaktivit\u00e4ten.<\/p>\n<\/details>\n\n\n\n<details class=\"wp-block-details is-layout-flow wp-block-details-is-layout-flow\"><summary>Aufsetzen der Testumgebung<\/summary>\n<p>Die Testumgebung ist entscheidend f\u00fcr effizientes Testen. Dazu geh\u00f6ren Umgebungen f\u00fcr automatisiertes Testen, Testdaten, Testf\u00e4lle, Testpl\u00e4ne, etc.<\/p>\n<\/details>\n\n\n\n<details class=\"wp-block-details is-layout-flow wp-block-details-is-layout-flow\"><summary>Einbindung in den Entwicklungsprozess<\/summary>\n<p>Nur eine nahtlose Einbindung in den Entwicklungsprozess f\u00fchrt zum gew\u00fcnschten Resultat.<\/p>\n<\/details>\n\n\n\n<details class=\"wp-block-details is-layout-flow wp-block-details-is-layout-flow\"><summary>Visualisierung und Testanalyse<\/summary>\n<p>Eine geeignete Visualisierung ist unabdingbar f\u00fcr Analysen und nachfolgende Verbesserungen.<\/p>\n<\/details>\n\n\n\n<details class=\"wp-block-details is-layout-flow wp-block-details-is-layout-flow\"><summary>Gezielte Begleitung in ausgew\u00e4hlten Themen<\/summary>\n<p>Sie entscheiden wo Sie eine Begleitung w\u00fcnschen<\/p>\n<\/details>\n<\/div>\n\n\n\n<div style=\"height:59px\" aria-hidden=\"true\" class=\"wp-block-spacer\"><\/div>\n\n\n\n<div class=\"wp-block-group has-base-2-background-color has-background is-layout-flow wp-block-group-is-layout-flow\">\n<h3 class=\"wp-block-heading has-text-align-left is-style-default has-body-font-family has-medium-font-size\" style=\"font-style:normal;font-weight:600\">Product Owner<\/h3>\n\n\n\n<p>Gemeinsam mit Ihrem Team gestalten wir das Produkt.<\/p>\n\n\n\n<p>Im Fokus steht die Anfangsphase und das Coaching Ihres eigenen Product Owners, was ihm zunehmende Eigenst\u00e4ndigkeit sichert.<\/p>\n<\/div>\n<\/div>\n<\/div>\n\n\n\n<div class=\"wp-block-column is-layout-flow wp-block-column-is-layout-flow\" style=\"flex-basis:33.33%\">\n<div class=\"wp-block-group has-global-padding is-layout-constrained wp-block-group-is-layout-constrained\">\n<div style=\"height:40px\" aria-hidden=\"true\" class=\"wp-block-spacer\"><\/div>\n\n\n\n<figure class=\"wp-block-image aligncenter is-resized\"><img loading=\"lazy\" decoding=\"async\" width=\"1921\" height=\"2560\" src=\"https:\/\/spurus.ch\/wp-content\/uploads\/2024\/01\/IMG_2123-edited-scaled.jpg\" alt=\"\" class=\"wp-image-98\" style=\"width:244px;height:auto\" srcset=\"https:\/\/spurus.ch\/wp-content\/uploads\/2024\/01\/IMG_2123-edited-scaled.jpg 1921w, https:\/\/spurus.ch\/wp-content\/uploads\/2024\/01\/IMG_2123-edited-225x300.jpg 225w, https:\/\/spurus.ch\/wp-content\/uploads\/2024\/01\/IMG_2123-edited-768x1024.jpg 768w, https:\/\/spurus.ch\/wp-content\/uploads\/2024\/01\/IMG_2123-edited-1152x1536.jpg 1152w, https:\/\/spurus.ch\/wp-content\/uploads\/2024\/01\/IMG_2123-edited-1537x2048.jpg 1537w\" sizes=\"auto, (max-width: 1921px) 100vw, 1921px\" \/><figcaption class=\"wp-element-caption\">Roland Spycher<\/figcaption><\/figure>\n\n\n\n<ul class=\"wp-block-social-links has-normal-icon-size is-style-default is-horizontal is-content-justification-center is-layout-flex wp-container-core-social-links-is-layout-1 wp-block-social-links-is-layout-flex\"><li class=\"wp-social-link wp-social-link-mail  wp-block-social-link\"><a rel=\"noopener nofollow\" target=\"_blank\" href=\"mailto:roland.spycher@spurus.ch\" class=\"wp-block-social-link-anchor\"><svg width=\"24\" height=\"24\" viewBox=\"0 0 24 24\" version=\"1.1\" xmlns=\"http:\/\/www.w3.org\/2000\/svg\" aria-hidden=\"true\" focusable=\"false\"><path d=\"M19,5H5c-1.1,0-2,.9-2,2v10c0,1.1.9,2,2,2h14c1.1,0,2-.9,2-2V7c0-1.1-.9-2-2-2zm.5,12c0,.3-.2.5-.5.5H5c-.3,0-.5-.2-.5-.5V9.8l7.5,5.6,7.5-5.6V17zm0-9.1L12,13.6,4.5,7.9V7c0-.3.2-.5.5-.5h14c.3,0,.5.2.5.5v.9z\"><\/path><\/svg><span class=\"wp-block-social-link-label screen-reader-text\">Mail<\/span><\/a><\/li>\n\n<li class=\"wp-social-link wp-social-link-linkedin  wp-block-social-link\"><a rel=\"noopener nofollow\" target=\"_blank\" href=\"https:\/\/www.linkedin.com\/in\/roland-spycher-599002132\" class=\"wp-block-social-link-anchor\"><svg width=\"24\" height=\"24\" viewBox=\"0 0 24 24\" version=\"1.1\" xmlns=\"http:\/\/www.w3.org\/2000\/svg\" aria-hidden=\"true\" focusable=\"false\"><path d=\"M19.7,3H4.3C3.582,3,3,3.582,3,4.3v15.4C3,20.418,3.582,21,4.3,21h15.4c0.718,0,1.3-0.582,1.3-1.3V4.3 C21,3.582,20.418,3,19.7,3z M8.339,18.338H5.667v-8.59h2.672V18.338z M7.004,8.574c-0.857,0-1.549-0.694-1.549-1.548 c0-0.855,0.691-1.548,1.549-1.548c0.854,0,1.547,0.694,1.547,1.548C8.551,7.881,7.858,8.574,7.004,8.574z M18.339,18.338h-2.669 v-4.177c0-0.996-0.017-2.278-1.387-2.278c-1.389,0-1.601,1.086-1.601,2.206v4.249h-2.667v-8.59h2.559v1.174h0.037 c0.356-0.675,1.227-1.387,2.526-1.387c2.703,0,3.203,1.779,3.203,4.092V18.338z\"><\/path><\/svg><span class=\"wp-block-social-link-label screen-reader-text\">LinkedIn<\/span><\/a><\/li><\/ul>\n<\/div>\n<\/div>\n<\/div>\n\n\n\n<div style=\"height:61px\" aria-hidden=\"true\" class=\"wp-block-spacer\"><\/div>\n<\/div>\n\n\n\n<div class=\"wp-block-group has-global-padding is-layout-constrained wp-block-group-is-layout-constrained\">\n<div class=\"wp-block-columns alignwide is-layout-flex wp-container-core-columns-is-layout-2 wp-block-columns-is-layout-flex\">\n<div class=\"wp-block-column is-layout-flow wp-container-core-column-is-layout-3 wp-block-column-is-layout-flow\">\n<div class=\"wp-block-group has-global-padding is-layout-constrained wp-block-group-is-layout-constrained\">\n<h3 class=\"wp-block-heading has-text-align-left is-style-default has-body-font-family has-large-font-size\" style=\"font-style:normal;font-weight:600\">Pers\u00f6nliches Coaching<\/h3>\n\n\n\n<p><a href=\"https:\/\/stille-meditation.ch\/\" data-type=\"link\" data-id=\"https:\/\/stille-meditation.ch\/\" target=\"_blank\" rel=\"noreferrer noopener\">Mehr Infos dazu finden Sie hier<\/a><\/p>\n<\/div>\n<\/div>\n\n\n\n<div class=\"wp-block-column is-layout-flow wp-block-column-is-layout-flow\" style=\"flex-basis:33.33%\">\n<div class=\"wp-block-group has-global-padding is-layout-constrained wp-block-group-is-layout-constrained\">\n<div style=\"height:40px\" aria-hidden=\"true\" class=\"wp-block-spacer\"><\/div>\n\n\n\n<figure class=\"wp-block-image aligncenter size-full is-resized\"><img loading=\"lazy\" decoding=\"async\" width=\"613\" height=\"1024\" src=\"https:\/\/spurus.ch\/wp-content\/uploads\/2024\/02\/Silvia.jpg\" alt=\"\" class=\"wp-image-180\" style=\"width:244px;height:auto\" srcset=\"https:\/\/spurus.ch\/wp-content\/uploads\/2024\/02\/Silvia.jpg 613w, https:\/\/spurus.ch\/wp-content\/uploads\/2024\/02\/Silvia-180x300.jpg 180w\" sizes=\"auto, (max-width: 613px) 100vw, 613px\" \/><figcaption class=\"wp-element-caption\">Silvia Spycher<\/figcaption><\/figure>\n\n\n\n<ul class=\"wp-block-social-links has-normal-icon-size is-style-default is-horizontal is-content-justification-center is-layout-flex wp-container-core-social-links-is-layout-2 wp-block-social-links-is-layout-flex\"><li class=\"wp-social-link wp-social-link-mail  wp-block-social-link\"><a rel=\"noopener nofollow\" target=\"_blank\" href=\"mailto:silvia.spycher@spurus.ch\" class=\"wp-block-social-link-anchor\"><svg width=\"24\" height=\"24\" viewBox=\"0 0 24 24\" version=\"1.1\" xmlns=\"http:\/\/www.w3.org\/2000\/svg\" aria-hidden=\"true\" focusable=\"false\"><path d=\"M19,5H5c-1.1,0-2,.9-2,2v10c0,1.1.9,2,2,2h14c1.1,0,2-.9,2-2V7c0-1.1-.9-2-2-2zm.5,12c0,.3-.2.5-.5.5H5c-.3,0-.5-.2-.5-.5V9.8l7.5,5.6,7.5-5.6V17zm0-9.1L12,13.6,4.5,7.9V7c0-.3.2-.5.5-.5h14c.3,0,.5.2.5.5v.9z\"><\/path><\/svg><span class=\"wp-block-social-link-label screen-reader-text\">Mail<\/span><\/a><\/li><\/ul>\n<\/div>\n<\/div>\n<\/div>\n<\/div>\n<\/div>\n<\/main>\n","protected":false},"excerpt":{"rendered":"<p>Gemeinsam eine einzigartige Spur legen \u00dcber 30 Jahre Erfahrung machen den Unterschied. Dienstleistungen Software Engineering Sie sind auf der Suche nach einem im agilen Umfeld besonders erfahrenen Requirements Engineer, Product Owner oder Testing Coach? Dann sind Sie bei uns genau richtig. Requirements Engineering Gemeinsam mit Ihren Spezialisten erarbeiten wir: Testing Gemeinsam mit Ihren Spezialisten erarbeiten [&hellip;]<\/p>\n","protected":false},"author":1,"featured_media":0,"parent":0,"menu_order":0,"comment_status":"closed","ping_status":"closed","template":"wp-custom-template-seite-spurus","meta":{"footnotes":""},"class_list":["post-79","page","type-page","status-publish","hentry"],"_links":{"self":[{"href":"https:\/\/spurus.ch\/index.php?rest_route=\/wp\/v2\/pages\/79","targetHints":{"allow":["GET"]}}],"collection":[{"href":"https:\/\/spurus.ch\/index.php?rest_route=\/wp\/v2\/pages"}],"about":[{"href":"https:\/\/spurus.ch\/index.php?rest_route=\/wp\/v2\/types\/page"}],"author":[{"embeddable":true,"href":"https:\/\/spurus.ch\/index.php?rest_route=\/wp\/v2\/users\/1"}],"replies":[{"embeddable":true,"href":"https:\/\/spurus.ch\/index.php?rest_route=%2Fwp%2Fv2%2Fcomments&post=79"}],"version-history":[{"count":24,"href":"https:\/\/spurus.ch\/index.php?rest_route=\/wp\/v2\/pages\/79\/revisions"}],"predecessor-version":[{"id":239,"href":"https:\/\/spurus.ch\/index.php?rest_route=\/wp\/v2\/pages\/79\/revisions\/239"}],"wp:attachment":[{"href":"https:\/\/spurus.ch\/index.php?rest_route=%2Fwp%2Fv2%2Fmedia&parent=79"}],"curies":[{"name":"wp","href":"https:\/\/api.w.org\/{rel}","templated":true}]}}